{"id":12,"date":"2025-09-24T18:10:26","date_gmt":"2025-09-24T16:10:26","guid":{"rendered":"https:\/\/antikhallen567.com\/about\/"},"modified":"2025-10-05T17:32:31","modified_gmt":"2025-10-05T15:32:31","slug":"about","status":"publish","type":"page","link":"https:\/\/antikhallen567.com\/?page_id=12","title":{"rendered":"About"},"content":{"rendered":"\n<div class=\"wp-block-uagb-container uagb-block-259e360b alignfull uagb-is-root-container\"><div class=\"uagb-container-inner-blocks-wrap\">\n<div class=\"wp-block-uagb-info-box uagb-block-1f8d3237 uagb-infobox__content-wrap  uagb-infobox-icon-above-title uagb-infobox-image-valign-top\"><div class=\"uagb-ifb-content\"><div class=\"uagb-ifb-title-wrap\"><span class=\"uagb-ifb-title-prefix\">Entdecken Sie die Antikhallen<\/span><h1 class=\"uagb-ifb-title\">Die Sch\u00f6nheit der Vergangenheit verstehen<\/h1><\/div><\/div><\/div>\n\n\n\n<div class=\"wp-block-uagb-image alignleft uagb-block-440ed655 wp-block-uagb-image--layout-default wp-block-uagb-image--effect-static wp-block-uagb-image--align-left\"><figure class=\"wp-block-uagb-image__figure\"><img loading=\"lazy\" decoding=\"async\" srcset=\"https:\/\/antikhallen567.com\/wp-content\/uploads\/2025\/08\/IMG_4038.jpg ,https:\/\/antikhallen567.com\/wp-content\/uploads\/2025\/08\/IMG_4038.jpg 780w, https:\/\/antikhallen567.com\/wp-content\/uploads\/2025\/08\/IMG_4038.jpg 360w\" sizes=\"auto, (max-width: 480px) 150px\" src=\"https:\/\/antikhallen567.com\/wp-content\/uploads\/2025\/08\/IMG_4038.jpg\" alt=\"M\u00f6bel in Halle 5\" class=\"uag-image-28\" width=\"1200\" height=\"550\" title=\"\" loading=\"lazy\" role=\"img\"\/><\/figure><\/div>\n<\/div><\/div>\n\n\n\n<div class=\"wp-block-uagb-container uagb-block-8eea1311 alignfull uagb-is-root-container\"><div class=\"uagb-container-inner-blocks-wrap\">\n<div class=\"wp-block-uagb-info-box uagb-block-cb120112 uagb-infobox__content-wrap  uagb-infobox-icon-above-title uagb-infobox-image-valign-top\"><div class=\"uagb-ifb-content\"><div class=\"uagb-ifb-title-wrap\"><span class=\"uagb-ifb-title-prefix\">\u00dcber uns<\/span><h2 class=\"uagb-ifb-title\">Unsere Leidenschaft f\u00fcr Antiquit\u00e4ten und Geschichten<\/h2><\/div><\/div><\/div>\n\n\n\n<div class=\"wp-block-uagb-container uagb-block-3b3a752f\">\n<div class=\"wp-block-uagb-info-box uagb-block-9fd98309 uagb-infobox__content-wrap  uagb-infobox-icon-above-title uagb-infobox-image-valign-top\"><div class=\"uagb-ifb-content\"><div class=\"uagb-ifb-title-wrap\"><span class=\"uagb-ifb-title-prefix\">Unsere Mission ist es, zeitlose St\u00fccke Antiquit\u00e4ten, die Geschichten erz\u00e4hlen, stilvoll und hochwertig zu pr\u00e4sentieren und dabei das kulturelle Erbe zu bewahren.<\/span><p class=\"uagb-ifb-title\">Wir streben danach, die erste Adresse f\u00fcr Antiquit\u00e4tenliebhaber und Designbegeisterte zu sein, die die Sch\u00f6nheit der Geschichte in ihren Projekten integrieren m\u00f6chten.<\/p><\/div><\/div><\/div>\n\n\n\n<div class=\"wp-block-uagb-info-box uagb-block-ef565816 uagb-infobox__content-wrap  uagb-infobox-icon-above-title uagb-infobox-image-valign-top\"><div class=\"uagb-ifb-content\"><div class=\"uagb-ifb-title-wrap\"><p class=\"uagb-ifb-title-prefix\">Die Antikhallen 5,6 und 7  bieten eine exquisite Auswahl an antiken M\u00f6beln, Kunst und Dekoration. <\/p><p class=\"uagb-ifb-title\">Wir verkaufen antike M\u00f6bel und Kunstobjekte, die Leidenschaft und Stil repr\u00e4sentieren. Unsere einzigartige Pr\u00e4sentation sorgt f\u00fcr ein unvergessliches Einkaufserlebnis. Wir wurden f\u00fcr unsere innovative Online-Pr\u00e4sentation ausgezeichnet und bieten pers\u00f6nlichen Kundenservice.<\/p><\/div><p class=\"uagb-ifb-desc\">Unsere Sammlung von Antiquit\u00e4ten bereichert Ihr Zuhause und erz\u00e4hlt Geschichten vergangener Epochen.<\/p><\/div><\/div>\n<\/div>\n\n\n\n<div class=\"wp-block-uagb-call-to-action uagb-block-228fa989 wp-block-button\"><div class=\"uagb-cta__wrap\"><h3 class=\"uagb-cta__title\">Kontaktieren Sie uns<\/h3><p class=\"uagb-cta__desc\"> <\/p><\/div><div class=\"uagb-cta__buttons\"><a href=\"https:\/\/antikhallen567.com\/?page_id=1247\" class=\"uagb-cta__button-link-wrapper wp-block-button__link\" target=\"_self\" rel=\"noopener noreferrer\">Kontakt<svg xmlns=\"https:\/\/www.w3.org\/2000\/svg\" viewBox=\"0 0 512 512\"><path d=\"M504.3 273.6l-112.1 104c-6.992 6.484-17.18 8.218-25.94 4.406c-8.758-3.812-14.42-12.45-14.42-21.1L351.9 288H32C14.33 288 .0002 273.7 .0002 255.1S14.33 224 32 224h319.9l0-72c0-9.547 5.66-18.19 14.42-22c8.754-3.809 18.95-2.075 25.94 4.41l112.1 104C514.6 247.9 514.6 264.1 504.3 273.6z\"><\/path><\/svg><\/a><\/div><\/div>\n\n\n\n<iframe src=\"https:\/\/www.google.com\/maps\/embed?pb=!4v1759087110452!6m8!1m7!1sCAoSF0NJSE0wb2dLRUlDQWdJRFpyWVQtNlFF!2m2!1d48.22763505861214!2d11.64318458133412!3f220!4f0!5f0.7820865974627469\" width=\"1200\" height=\"600\" style=\"border:0;\" allowfullscreen=\"\" loading=\"lazy\" referrerpolicy=\"no-referrer-when-downgrade\"><\/iframe>\n<\/div><\/div>\n\n\n\n<div class=\"wp-block-uagb-container uagb-block-3af83f28 alignfull uagb-is-root-container\"><div class=\"uagb-container-inner-blocks-wrap\">\n<div class=\"wp-block-uagb-info-box uagb-block-60ea34d2 uagb-infobox__content-wrap  uagb-infobox-icon-above-title uagb-infobox-image-valign-top\"><div class=\"uagb-ifb-content\"><div class=\"uagb-ifb-title-wrap\"><span class=\"uagb-ifb-title-prefix\">Antikes mit Charakter<\/span><h2 class=\"uagb-ifb-title\">Warum unsere Antikhallen etwas Besonderes sind<\/h2><\/div><\/div><\/div>\n\n\n\n<div class=\"wp-block-uagb-container uagb-block-11b05b9d\">\n<div class=\"wp-block-uagb-container uagb-block-ff5f3da2\">\n<div class=\"wp-block-uagb-advanced-heading uagb-block-039573fe\"><div class=\"uagb-separator\"><\/div><h3 class=\"uagb-heading-text\"><strong>Vielfalt der Epochen<\/strong><br><\/h3><p class=\"uagb-desc-text\">Von Renaissance bis Art D\u00e9co unsere Sammlung vereint Jahrhunderte europ\u00e4ischer M\u00f6bel- und Kunstgeschichte<\/p><\/div>\n\n\n\n<div class=\"wp-block-uagb-advanced-heading uagb-block-4d1d1cc0\"><div class=\"uagb-separator\"><\/div><h3 class=\"uagb-heading-text\">Pers\u00f6nliche Beratung<\/h3><p class=\"uagb-desc-text\">Wir nehmen uns Zeit f\u00fcr Ihre Fragen und helfen bei der Auswahl von Objekten, die zu Ihrem Zuhause oder Ihrer Sammlung passen.<\/p><\/div>\n<\/div>\n\n\n\n<div class=\"wp-block-uagb-container uagb-block-8b7beba1\">\n<div class=\"wp-block-uagb-advanced-heading uagb-block-780564e7\"><div class=\"uagb-separator\"><\/div><h3 class=\"uagb-heading-text\">Authentizit\u00e4t garantiert<\/h3><p class=\"uagb-desc-text\">Jedes St\u00fcck wird von uns gepr\u00fcft und mit gr\u00f6\u00dfter Sorgfalt pr\u00e4sentiert \u2013 f\u00fcr echte Qualit\u00e4t ohne Kompromisse.<\/p><\/div>\n\n\n\n<div class=\"wp-block-uagb-advanced-heading uagb-block-fe7cc56a\"><div class=\"uagb-separator\"><\/div><h3 class=\"uagb-heading-text\">Antik erleben<\/h3><p class=\"uagb-desc-text\">Unsere Hallen sind nicht nur Verkaufsr\u00e4ume, sondern Orte, an denen Geschichte lebendig wird und Inspiration entsteht.<\/p><\/div>\n<\/div>\n<\/div>\n<\/div><\/div>\n\n\n\n<div class=\"wp-block-uagb-container uagb-block-ca981bea alignfull uagb-is-root-container\"><div class=\"uagb-container__video-wrap\"><video autoplay loop muted playsinline><source src=\"https:\/\/antikhallen567.com\/wp-content\/uploads\/2025\/09\/img_0452.mp4\" type=\"video\/mp4\"\/><\/video><\/div><div class=\"uagb-container-inner-blocks-wrap\"><\/div><\/div>\n\n\n\n<div class=\"wp-block-uagb-container uagb-block-cffc8856 alignfull uagb-is-root-container\"><div class=\"uagb-container-inner-blocks-wrap\">\n<div class=\"wp-block-uagb-container uagb-block-c2a0e57a alignfull uagb-is-root-container\"><div class=\"uagb-container-inner-blocks-wrap\"><\/div><\/div>\n<\/div><\/div>\n\n\n\n<div class=\"wp-block-uagb-container uagb-block-65ad5edb alignfull uagb-is-root-container\"><div class=\"uagb-container-inner-blocks-wrap\">\n<div class=\"wp-block-uagb-container uagb-block-b1e83b7a alignfull uagb-is-root-container\"><div class=\"uagb-container-inner-blocks-wrap\">\n<div class=\"wp-block-uagb-advanced-heading uagb-block-2d8f73e1\"><h2 class=\"uagb-heading-text\">Entdecken Sie unsere einzigartigen Antiquit\u00e4ten noch heute!<\/h2><\/div>\n\n\n\n<div class=\"wp-block-uagb-buttons uagb-buttons__outer-wrap uagb-btn__default-btn uagb-btn-tablet__default-btn uagb-btn-mobile__default-btn uagb-block-0c39ccc0\"><div class=\"uagb-buttons__wrap uagb-buttons-layout-wrap \">\n<div class=\"wp-block-uagb-buttons-child uagb-buttons__outer-wrap uagb-block-55ba2e4c wp-block-button\"><div class=\"uagb-button__wrapper\"><a class=\"uagb-buttons-repeater wp-block-button__link\" aria-label=\"\" href=\"\/contact\/\" rel=\"follow noopener\" target=\"_self\" role=\"button\"><div class=\"uagb-button__link\">Jetzt St\u00f6bern<\/div><\/a><\/div><\/div>\n<\/div><\/div>\n<\/div><\/div>\n<\/div><\/div>\n","protected":false},"excerpt":{"rendered":"<p>Vielfalt der Epochen Von Renaissance bis Art D\u00e9co unsere Sammlung vereint Jahrhunderte europ\u00e4ischer M\u00f6bel- und Kunstgeschichte Pers\u00f6nliche Beratung Wir nehmen [&hellip;]<\/p>\n","protected":false},"author":1,"featured_media":0,"parent":0,"menu_order":0,"comment_status":"closed","ping_status":"closed","template":"","meta":{"_uag_custom_page_level_css":"","site-sidebar-layout":"no-sidebar","site-content-layout":"","ast-site-content-layout":"normal-width-container","site-content-style":"default","site-sidebar-style":"default","ast-global-header-display":"","ast-banner-title-visibility":"","ast-main-header-display":"","ast-hfb-above-header-display":"","ast-hfb-below-header-display":"","ast-hfb-mobile-header-display":"","site-post-title":"disabled","ast-breadcrumbs-content":"","ast-featured-img":"","footer-sml-layout":"","theme-transparent-header-meta":"","adv-header-id-meta":"","stick-header-meta":"","header-above-stick-meta":"","header-main-stick-meta":"","header-below-stick-meta":"","astra-migrate-meta-layouts":"default","ast-page-background-enabled":"default","ast-page-background-meta":{"desktop":{"background-color":"var(--ast-global-color-4)","background-image":"","background-repeat":"repeat","background-position":"center center","background-size":"auto","background-attachment":"scroll","background-type":"","background-media":"","overlay-type":"","overlay-color":"","overlay-opacity":"","overlay-gradient":""},"tablet":{"background-color":"","background-image":"","background-repeat":"repeat","background-position":"center center","background-size":"auto","background-attachment":"scroll","background-type":"","background-media":"","overlay-type":"","overlay-color":"","overlay-opacity":"","overlay-gradient":""},"mobile":{"background-color":"","background-image":"","background-repeat":"repeat","background-position":"center center","background-size":"auto","background-attachment":"scroll","background-type":"","background-media":"","overlay-type":"","overlay-color":"","overlay-opacity":"","overlay-gradient":""}},"ast-content-background-meta":{"desktop":{"background-color":"var(--ast-global-color-5)","background-image":"","background-repeat":"repeat","background-position":"center center","background-size":"auto","background-attachment":"scroll","background-type":"","background-media":"","overlay-type":"","overlay-color":"","overlay-opacity":"","overlay-gradient":""},"tablet":{"background-color":"var(--ast-global-color-5)","background-image":"","background-repeat":"repeat","background-position":"center center","background-size":"auto","background-attachment":"scroll","background-type":"","background-media":"","overlay-type":"","overlay-color":"","overlay-opacity":"","overlay-gradient":""},"mobile":{"background-color":"var(--ast-global-color-5)","background-image":"","background-repeat":"repeat","background-position":"center center","background-size":"auto","background-attachment":"scroll","background-type":"","background-media":"","overlay-type":"","overlay-color":"","overlay-opacity":"","overlay-gradient":""}},"_themeisle_gutenberg_block_has_review":false,"footnotes":""},"class_list":["post-12","page","type-page","status-publish","hentry"],"uagb_featured_image_src":{"full":false,"thumbnail":false,"medium":false,"medium_large":false,"large":false,"1536x1536":false,"2048x2048":false},"uagb_author_info":{"display_name":"Erol","author_link":"https:\/\/antikhallen567.com\/author\/erol"},"uagb_comment_info":0,"uagb_excerpt":"Vielfalt der Epochen Von Renaissance bis Art D\u00e9co unsere Sammlung vereint Jahrhunderte europ\u00e4ischer M\u00f6bel- und Kunstgeschichte Pers\u00f6nliche Beratung Wir nehmen [&hellip;]","_links":{"self":[{"href":"https:\/\/antikhallen567.com\/index.php?rest_route=\/wp\/v2\/pages\/12","targetHints":{"allow":["GET"]}}],"collection":[{"href":"https:\/\/antikhallen567.com\/index.php?rest_route=\/wp\/v2\/pages"}],"about":[{"href":"https:\/\/antikhallen567.com\/index.php?rest_route=\/wp\/v2\/types\/page"}],"author":[{"embeddable":true,"href":"https:\/\/antikhallen567.com\/index.php?rest_route=\/wp\/v2\/users\/1"}],"replies":[{"embeddable":true,"href":"https:\/\/antikhallen567.com\/index.php?rest_route=%2Fwp%2Fv2%2Fcomments&post=12"}],"version-history":[{"count":7,"href":"https:\/\/antikhallen567.com\/index.php?rest_route=\/wp\/v2\/pages\/12\/revisions"}],"predecessor-version":[{"id":1445,"href":"https:\/\/antikhallen567.com\/index.php?rest_route=\/wp\/v2\/pages\/12\/revisions\/1445"}],"wp:attachment":[{"href":"https:\/\/antikhallen567.com\/index.php?rest_route=%2Fwp%2Fv2%2Fmedia&parent=12"}],"curies":[{"name":"wp","href":"https:\/\/api.w.org\/{rel}","templated":true}]}}