{"id":1245,"date":"2025-09-24T18:10:26","date_gmt":"2025-09-24T16:10:26","guid":{"rendered":"https:\/\/antikhallen567.com\/home\/"},"modified":"2025-10-05T17:26:14","modified_gmt":"2025-10-05T15:26:14","slug":"home","status":"publish","type":"page","link":"https:\/\/antikhallen567.com\/","title":{"rendered":"Home"},"content":{"rendered":"\n<div class=\"wp-block-uagb-container uagb-block-6d550063 alignfull uagb-is-root-container\"><div class=\"uagb-container-inner-blocks-wrap\">\n<div class=\"wp-block-uagb-image uagb-block-8912893d wp-block-uagb-image--layout-default wp-block-uagb-image--effect-static wp-block-uagb-image--align-none\"><figure class=\"wp-block-uagb-image__figure\"><img loading=\"lazy\" decoding=\"async\" srcset=\"https:\/\/antikhallen567.com\/wp-content\/uploads\/2025\/08\/324583_3499918b9d51449f89404c7afa24ef8cmv2_d_7002_1448_s_2-1024x212.png ,https:\/\/antikhallen567.com\/wp-content\/uploads\/2025\/08\/324583_3499918b9d51449f89404c7afa24ef8cmv2_d_7002_1448_s_2-scaled.png 780w, https:\/\/antikhallen567.com\/wp-content\/uploads\/2025\/08\/324583_3499918b9d51449f89404c7afa24ef8cmv2_d_7002_1448_s_2-scaled.png 360w\" sizes=\"auto, (max-width: 480px) 150px\" src=\"https:\/\/antikhallen567.com\/wp-content\/uploads\/2025\/08\/324583_3499918b9d51449f89404c7afa24ef8cmv2_d_7002_1448_s_2-1024x212.png\" alt=\"\" class=\"uag-image-11\" width=\"1024\" height=\"212\" title=\"324583_3499918b9d51449f89404c7afa24ef8c~mv2_d_7002_1448_s_2\" loading=\"lazy\" role=\"img\"\/><\/figure><\/div>\n<\/div><\/div>\n\n\n\n<div class=\"wp-block-uagb-container uagb-block-259e360b alignfull uagb-is-root-container\"><div class=\"uagb-container-inner-blocks-wrap\">\n<div class=\"wp-block-uagb-info-box uagb-block-1f8d3237 uagb-infobox__content-wrap  uagb-infobox-icon-above-title uagb-infobox-image-valign-top\"><div class=\"uagb-ifb-content\"><div class=\"uagb-ifb-title-wrap\"><h1 class=\"uagb-ifb-title\">Antikhallen M\u00fcnchen \u2013 Ihre Adresse f\u00fcr Antiquit\u00e4ten &amp; Sammlerst\u00fccke<\/h1><\/div><p class=\"uagb-ifb-desc\">Willkommen bei Antikhallen 5,6 und 7, wo jedes M\u00f6belst\u00fcck und Kunstwerk eine Geschichte erz\u00e4hlt und Ihrem Raum Charakter verleiht.<\/p><div class=\"uagb-ifb-button-wrapper wp-block-button\"><a href=\"https:\/\/antikhallen567.com\/?page_id=12\" class=\"uagb-infobox-cta-link wp-block-button__link\" target=\"_self\" rel=\"noopener noreferrer\" onclick=\"return true;\"><span class=\"uagb-inline-editing\">Jetzt St\u00f6bern<\/span><svg xmlns=\"https:\/\/www.w3.org\/2000\/svg\" viewBox=\"0 0 512 512\"><path d=\"M504.3 273.6l-112.1 104c-6.992 6.484-17.18 8.218-25.94 4.406c-8.758-3.812-14.42-12.45-14.42-21.1L351.9 288H32C14.33 288 .0002 273.7 .0002 255.1S14.33 224 32 224h319.9l0-72c0-9.547 5.66-18.19 14.42-22c8.754-3.809 18.95-2.075 25.94 4.41l112.1 104C514.6 247.9 514.6 264.1 504.3 273.6z\"><\/path><\/svg><\/a><\/div><\/div><\/div>\n\n\n\n<div class=\"wp-block-uagb-image alignleft uagb-block-440ed655 wp-block-uagb-image--layout-default wp-block-uagb-image--effect-static wp-block-uagb-image--align-left\"><figure class=\"wp-block-uagb-image__figure\"><img loading=\"lazy\" decoding=\"async\" srcset=\"https:\/\/antikhallen567.com\/wp-content\/uploads\/2025\/09\/IMG_4034-scaled.jpg ,https:\/\/antikhallen567.com\/wp-content\/uploads\/2025\/09\/IMG_4034-scaled.jpg 780w, https:\/\/antikhallen567.com\/wp-content\/uploads\/2025\/09\/IMG_4034-scaled.jpg 360w\" sizes=\"auto, (max-width: 480px) 150px\" src=\"https:\/\/antikhallen567.com\/wp-content\/uploads\/2025\/09\/IMG_4034-scaled.jpg\" alt=\"\" class=\"uag-image-83\" width=\"1200\" height=\"550\" title=\"\" loading=\"lazy\" role=\"img\"\/><\/figure><\/div>\n<\/div><\/div>\n\n\n\n<div class=\"wp-block-uagb-container uagb-block-8eea1311 alignfull uagb-is-root-container\"><div class=\"uagb-container-inner-blocks-wrap\">\n<div class=\"wp-block-uagb-info-box uagb-block-cb120112 uagb-infobox__content-wrap  uagb-infobox-icon-above-title uagb-infobox-image-valign-top\"><div class=\"uagb-ifb-content\"><div class=\"uagb-ifb-title-wrap\"><span class=\"uagb-ifb-title-prefix\">\u00dcber uns<\/span><h2 class=\"uagb-ifb-title\">Unsere Leidenschaft f\u00fcr Antiquit\u00e4ten und Geschichten<\/h2><\/div><\/div><\/div>\n\n\n\n<div class=\"wp-block-uagb-info-box uagb-block-ec13a335 uagb-infobox__content-wrap  uagb-infobox-icon-above-title uagb-infobox-image-valign-top\"><div class=\"uagb-ifb-content\"><div class=\"uagb-ifb-title-wrap\"><p class=\"uagb-ifb-title\"><strong>Ihre Adresse f\u00fcr Antiquit\u00e4ten &amp; Sammlerst\u00fccke<\/strong><\/p><\/div><p class=\"uagb-ifb-desc\">Die <strong>Antikhallen M\u00fcnchen<\/strong> sind seit Jahren ein fester Treffpunkt f\u00fcr <strong>Sammler, Antiquit\u00e4tenliebhaber und H\u00e4ndler<\/strong>. Hier verbinden sich authentische Atmosph\u00e4re, das Flair antiker M\u00f6bel und die Vielfalt echter Sammlerst\u00fccke \u2013 fernab steriler Ladenluft.<br>Fr\u00fcher bekannt als Ort, an dem sich sogar Filmgr\u00f6\u00dfen bei Kaffee und Kuchen trafen, stehen die Antikhallen heute ganz im Zeichen von <strong>Antiquit\u00e4ten, Vintage und Sammlerst\u00fccken<\/strong>.<\/p><div class=\"uagb-ifb-button-wrapper wp-block-button\"><a href=\"about\/\" class=\"uagb-infobox-cta-link wp-block-button__link\" target=\"_self\" rel=\"noopener noreferrer\" onclick=\"return true;\"><span class=\"uagb-inline-editing\">Erfahren Sie mehr<\/span><\/a><\/div><\/div><\/div>\n<\/div><\/div>\n\n\n\n<div class=\"wp-block-uagb-container uagb-block-b1e1c634 alignfull uagb-is-root-container\"><div class=\"uagb-container-inner-blocks-wrap\">\n<div class=\"wp-block-uagb-info-box uagb-block-22ed8f08 uagb-infobox__content-wrap  uagb-infobox-icon-above-title uagb-infobox-image-valign-top\"><div class=\"uagb-ifb-content\"><div class=\"uagb-ifb-icon-wrap\"><svg xmlns=\"https:\/\/www.w3.org\/2000\/svg\" viewBox=\"0 0 512 512\"><path d=\"M0 256C0 114.6 114.6 0 256 0C397.4 0 512 114.6 512 256C512 397.4 397.4 512 256 512C114.6 512 0 397.4 0 256zM371.8 211.8C382.7 200.9 382.7 183.1 371.8 172.2C360.9 161.3 343.1 161.3 332.2 172.2L224 280.4L179.8 236.2C168.9 225.3 151.1 225.3 140.2 236.2C129.3 247.1 129.3 264.9 140.2 275.8L204.2 339.8C215.1 350.7 232.9 350.7 243.8 339.8L371.8 211.8z\"><\/path><\/svg><\/div><div class=\"uagb-ifb-title-wrap\"><\/div><p class=\"uagb-ifb-desc\"><strong>Ankauf &amp; Verkauf<\/strong><br>Neben dem Verkauf sind wir auch st\u00e4ndig am <strong>Ankauf gut erhaltener St\u00fccke<\/strong> interessiert. Bringen Sie uns Ihre M\u00f6bel, Bilder, Schmuck oder Porzellan \u2013 wir beraten Sie gerne.<br><br><strong>F\u00fcr Film, Theater &amp; Fernsehen<\/strong><br>Unsere Vielseitigkeit macht uns auch zu einer gefragten Adresse f\u00fcr die <strong>Vermietung von Requisiten<\/strong>.<br><br><strong>Antiquit\u00e4ten m\u00fcssen nicht teuer sein \u2013 in den Antikhallen Dirnismaning stimmt auch der Preis.<\/strong><br>Wir freuen uns auf Ihren Besuch!<\/p><\/div><\/div>\n<\/div><\/div>\n\n\n\n<div class=\"wp-block-uagb-container uagb-block-698e6de9 alignfull uagb-is-root-container\"><div class=\"uagb-container-inner-blocks-wrap\"><\/div><\/div>\n\n\n\n<div class=\"wp-block-uagb-container uagb-block-7f886152 alignfull uagb-is-root-container\"><div class=\"uagb-container-inner-blocks-wrap\"><\/div><\/div>\n\n\n\n<div class=\"wp-block-uagb-container uagb-block-88915b9b alignfull uagb-is-root-container\"><div class=\"uagb-container-inner-blocks-wrap\">\n<div class=\"wp-block-uagb-info-box uagb-block-8abb1f8c uagb-infobox__content-wrap  uagb-infobox-icon-above-title uagb-infobox-image-valign-top\"><div class=\"uagb-ifb-content\"><div class=\"uagb-ifb-separator\"><\/div><div class=\"uagb-ifb-title-wrap\"><h2 class=\"uagb-ifb-title\">Unsere exklusiven Angebote und Sammlerst\u00fccke<\/h2><\/div><\/div><\/div>\n\n\n\n<div class=\"wp-block-uagb-container uagb-block-47447fd8\">\n<div class=\"wp-block-uagb-container uagb-block-478ecf10\">\n<div class=\"wp-block-uagb-container uagb-block-0aa7ae77\">\n<div class=\"wp-block-uagb-info-box uagb-block-f633e1fa uagb-infobox__content-wrap  uagb-infobox-icon-above-title uagb-infobox-image-valign-top\"><div class=\"uagb-ifb-content\"><div class=\"uagb-ifb-title-wrap\"><h3 class=\"uagb-ifb-title\">Antike M\u00f6bel<\/h3><\/div><p class=\"uagb-ifb-desc\">Einzigartige St\u00fccke aus vergangenen Epochen, die Charakter und Eleganz in Ihr Zuhause bringen.<\/p><div class=\"uagb-ifb-button-wrapper wp-block-button\"><a href=\"\/services\/\" class=\"uagb-infobox-cta-link wp-block-button__link\" target=\"_self\" rel=\"noopener noreferrer\" onclick=\"return true;\"><span class=\"uagb-inline-editing\">Mehr lesen<\/span><\/a><\/div><\/div><\/div>\n<\/div>\n\n\n\n<div class=\"wp-block-uagb-container uagb-block-8e9d7ec1\">\n<div class=\"wp-block-uagb-image alignleft uagb-block-0f214b43 wp-block-uagb-image--layout-default wp-block-uagb-image--effect-static wp-block-uagb-image--align-left\"><figure class=\"wp-block-uagb-image__figure\"><img loading=\"lazy\" decoding=\"async\" srcset=\"https:\/\/antikhallen567.com\/wp-content\/uploads\/2025\/09\/IMG_4038-scaled.jpg ,https:\/\/antikhallen567.com\/wp-content\/uploads\/2025\/09\/IMG_4038-scaled.jpg 780w, https:\/\/antikhallen567.com\/wp-content\/uploads\/2025\/09\/IMG_4038-scaled.jpg 360w\" sizes=\"auto, (max-width: 480px) 150px\" src=\"https:\/\/antikhallen567.com\/wp-content\/uploads\/2025\/09\/IMG_4038-scaled.jpg\" alt=\"\" class=\"uag-image-84\" width=\"384\" height=\"250\" title=\"\" loading=\"lazy\" role=\"img\"\/><\/figure><\/div>\n<\/div>\n<\/div>\n\n\n\n<div class=\"wp-block-uagb-container uagb-block-43413333\">\n<div class=\"wp-block-uagb-container uagb-block-87ab48e1\">\n<div class=\"wp-block-uagb-info-box uagb-block-92d79187 uagb-infobox__content-wrap  uagb-infobox-icon-above-title uagb-infobox-image-valign-top\"><div class=\"uagb-ifb-content\"><div class=\"uagb-ifb-title-wrap\"><h3 class=\"uagb-ifb-title\">Vintage Dekoration<\/h3><\/div><p class=\"uagb-ifb-desc\">Stilvolle Dekorationsgegenst\u00e4nde, die jedem Raum eine nostalgische Note verleihen.<\/p><div class=\"uagb-ifb-button-wrapper wp-block-button\"><a href=\"\/services\/\" class=\"uagb-infobox-cta-link wp-block-button__link\" target=\"_self\" rel=\"noopener noreferrer\" onclick=\"return true;\"><span class=\"uagb-inline-editing\">Mehr lesen<\/span><\/a><\/div><\/div><\/div>\n<\/div>\n\n\n\n<div class=\"wp-block-uagb-container uagb-block-4b36fee6\">\n<div class=\"wp-block-uagb-image alignleft uagb-block-9e5313f1 wp-block-uagb-image--layout-default wp-block-uagb-image--effect-static wp-block-uagb-image--align-left\"><figure class=\"wp-block-uagb-image__figure\"><img loading=\"lazy\" decoding=\"async\" srcset=\"https:\/\/antikhallen567.com\/wp-content\/uploads\/2025\/09\/IMG_4026-1-scaled.jpg ,https:\/\/antikhallen567.com\/wp-content\/uploads\/2025\/09\/IMG_4026-1-scaled.jpg 780w, https:\/\/antikhallen567.com\/wp-content\/uploads\/2025\/09\/IMG_4026-1-scaled.jpg 360w\" sizes=\"auto, (max-width: 480px) 150px\" src=\"https:\/\/antikhallen567.com\/wp-content\/uploads\/2025\/09\/IMG_4026-1-scaled.jpg\" alt=\"\" class=\"uag-image-82\" width=\"384\" height=\"250\" title=\"\" loading=\"lazy\" role=\"img\"\/><\/figure><\/div>\n<\/div>\n<\/div>\n\n\n\n<div class=\"wp-block-uagb-container uagb-block-a00fcbb5\">\n<div class=\"wp-block-uagb-container uagb-block-dd67e6dc\">\n<div class=\"wp-block-uagb-info-box uagb-block-2976c6a0 uagb-infobox__content-wrap  uagb-infobox-icon-above-title uagb-infobox-image-valign-top\"><div class=\"uagb-ifb-content\"><div class=\"uagb-ifb-title-wrap\"><h3 class=\"uagb-ifb-title\">Kunstsammlerst\u00fccke<\/h3><\/div><p class=\"uagb-ifb-desc\">Exklusive Kunstwerke, die das Herz eines jeden Sammlers h\u00f6her schlagen lassen.<\/p><div class=\"uagb-ifb-button-wrapper wp-block-button\"><a href=\"\/services\/\" class=\"uagb-infobox-cta-link wp-block-button__link\" target=\"_self\" rel=\"noopener noreferrer\" onclick=\"return true;\"><span class=\"uagb-inline-editing\">Mehr lesen<\/span><\/a><\/div><\/div><\/div>\n<\/div>\n\n\n\n<div class=\"wp-block-uagb-container uagb-block-33a681a9\">\n<div class=\"wp-block-uagb-image alignleft uagb-block-7d22ae2b wp-block-uagb-image--layout-default wp-block-uagb-image--effect-static wp-block-uagb-image--align-left\"><figure class=\"wp-block-uagb-image__figure\"><img loading=\"lazy\" decoding=\"async\" srcset=\"https:\/\/antikhallen567.com\/wp-content\/uploads\/2025\/09\/IMG_4025-scaled.jpg ,https:\/\/antikhallen567.com\/wp-content\/uploads\/2025\/09\/IMG_4025-scaled.jpg 780w, https:\/\/antikhallen567.com\/wp-content\/uploads\/2025\/09\/IMG_4025-scaled.jpg 360w\" sizes=\"auto, (max-width: 480px) 150px\" src=\"https:\/\/antikhallen567.com\/wp-content\/uploads\/2025\/09\/IMG_4025-scaled.jpg\" alt=\"\" class=\"uag-image-81\" width=\"384\" height=\"250\" title=\"\" loading=\"lazy\" role=\"img\"\/><\/figure><\/div>\n<\/div>\n<\/div>\n<\/div>\n<\/div><\/div>\n\n\n\n<div class=\"wp-block-uagb-container uagb-block-1d8e81e9 alignfull uagb-is-root-container\"><div class=\"uagb-container-inner-blocks-wrap\">\n<div class=\"wp-block-uagb-info-box uagb-block-57077011 uagb-infobox__content-wrap  uagb-infobox-icon-above-title uagb-infobox-image-valign-top\"><div class=\"uagb-ifb-content\"><div class=\"uagb-ifb-separator\"><\/div><div class=\"uagb-ifb-title-wrap\"><h2 class=\"uagb-ifb-title\">Unsere einzigartigen Werte<\/h2><\/div><\/div><\/div>\n\n\n\n<div class=\"wp-block-uagb-container uagb-block-370e976d\">\n<div class=\"wp-block-uagb-container uagb-block-f20436d4\">\n<div class=\"wp-block-uagb-info-box uagb-block-9717d7ee uagb-infobox__content-wrap  uagb-infobox-icon-above-title uagb-infobox-image-valign-top\"><div class=\"uagb-ifb-content\"><div class=\"uagb-ifb-title-wrap\"><h3 class=\"uagb-ifb-title\">Au\u00dfergew\u00f6hnliche Qualit\u00e4t<\/h3><\/div><p class=\"uagb-ifb-desc\">Jedes St\u00fcck wird sorgf\u00e4ltig ausgew\u00e4hlt.<\/p><div class=\"uagb-ifb-button-wrapper wp-block-button\"><a href=\"\/contact\/\" class=\"uagb-infobox-cta-link wp-block-button__link\" target=\"_self\" rel=\"noopener noreferrer\" onclick=\"return true;\"><span class=\"uagb-inline-editing\">Erfahren Sie mehr<\/span><\/a><\/div><\/div><\/div>\n<\/div>\n\n\n\n<div class=\"wp-block-uagb-container uagb-block-29778f95\">\n<div class=\"wp-block-uagb-info-box uagb-block-38e15f1e uagb-infobox__content-wrap  uagb-infobox-icon-above-title uagb-infobox-image-valign-top\"><div class=\"uagb-ifb-content\"><div class=\"uagb-ifb-title-wrap\"><h3 class=\"uagb-ifb-title\">Pers\u00f6nliche Beratung<\/h3><\/div><p class=\"uagb-ifb-desc\">Individuelle Unterst\u00fctzung f\u00fcr jeden Kunden.<\/p><div class=\"uagb-ifb-button-wrapper wp-block-button\"><a href=\"\/contact\/\" class=\"uagb-infobox-cta-link wp-block-button__link\" target=\"_self\" rel=\"noopener noreferrer\" onclick=\"return true;\"><span class=\"uagb-inline-editing\">Erfahren Sie mehr<\/span><\/a><\/div><\/div><\/div>\n<\/div>\n\n\n\n<div class=\"wp-block-uagb-container uagb-block-700f776b\">\n<div class=\"wp-block-uagb-info-box uagb-block-04fedf3d uagb-infobox__content-wrap  uagb-infobox-icon-above-title uagb-infobox-image-valign-top\"><div class=\"uagb-ifb-content\"><div class=\"uagb-ifb-title-wrap\"><h3 class=\"uagb-ifb-title\">Vielf\u00e4ltige Auswahl<\/h3><\/div><p class=\"uagb-ifb-desc\">Einzigartige St\u00fccke aus verschiedenen Epochen.<\/p><div class=\"uagb-ifb-button-wrapper wp-block-button\"><a href=\"\/contact\/\" class=\"uagb-infobox-cta-link wp-block-button__link\" target=\"_self\" rel=\"noopener noreferrer\" onclick=\"return true;\"><span class=\"uagb-inline-editing\">Erfahren Sie mehr<\/span><\/a><\/div><\/div><\/div>\n<\/div>\n<\/div>\n<\/div><\/div>\n\n\n\n<div class=\"wp-block-uagb-container uagb-block-b5113caa alignfull uagb-is-root-container\"><div class=\"uagb-container-inner-blocks-wrap\"><\/div><\/div>\n\n\n\n<div class=\"wp-block-uagb-container uagb-block-65ad5edb alignfull uagb-is-root-container\"><div class=\"uagb-container-inner-blocks-wrap\">\n<div class=\"wp-block-uagb-container uagb-block-b1e83b7a alignfull uagb-is-root-container\"><div class=\"uagb-container-inner-blocks-wrap\">\n<div class=\"wp-block-uagb-advanced-heading uagb-block-2d8f73e1\"><h2 class=\"uagb-heading-text\">Entdecken Sie unsere einzigartigen Antiquit\u00e4ten noch heute!<\/h2><\/div>\n\n\n\n<div class=\"wp-block-uagb-buttons uagb-buttons__outer-wrap uagb-btn__default-btn uagb-btn-tablet__default-btn uagb-btn-mobile__default-btn uagb-block-0c39ccc0\"><div class=\"uagb-buttons__wrap uagb-buttons-layout-wrap \">\n<div class=\"wp-block-uagb-buttons-child uagb-buttons__outer-wrap uagb-block-55ba2e4c wp-block-button\"><div class=\"uagb-button__wrapper\"><a class=\"uagb-buttons-repeater wp-block-button__link\" aria-label=\"\" href=\"\/contact\/\" rel=\"follow noopener\" target=\"_self\" role=\"button\"><div class=\"uagb-button__link\">Jetzt St\u00f6bern<\/div><\/a><\/div><\/div>\n<\/div><\/div>\n<\/div><\/div>\n<\/div><\/div>\n\n\n\n<p><\/p>\n","protected":false},"excerpt":{"rendered":"<p>Entdecken Sie unsere einzigartigen Antiquit\u00e4ten noch heute!<\/p>\n","protected":false},"author":1,"featured_media":0,"parent":0,"menu_order":0,"comment_status":"closed","ping_status":"closed","template":"","meta":{"_uag_custom_page_level_css":"","site-sidebar-layout":"default","site-content-layout":"","ast-site-content-layout":"normal-width-container","site-content-style":"default","site-sidebar-style":"default","ast-global-header-display":"","ast-banner-title-visibility":"","ast-main-header-display":"","ast-hfb-above-header-display":"","ast-hfb-below-header-display":"","ast-hfb-mobile-header-display":"","site-post-title":"disabled","ast-breadcrumbs-content":"","ast-featured-img":"","footer-sml-layout":"","theme-transparent-header-meta":"default","adv-header-id-meta":"","stick-header-meta":"","header-above-stick-meta":"","header-main-stick-meta":"","header-below-stick-meta":"","astra-migrate-meta-layouts":"default","ast-page-background-enabled":"default","ast-page-background-meta":{"desktop":{"background-color":"var(--ast-global-color-4)","background-image":"","background-repeat":"repeat","background-position":"center center","background-size":"auto","background-attachment":"scroll","background-type":"","background-media":"","overlay-type":"","overlay-color":"","overlay-opacity":"","overlay-gradient":""},"tablet":{"background-color":"","background-image":"","background-repeat":"repeat","background-position":"center center","background-size":"auto","background-attachment":"scroll","background-type":"","background-media":"","overlay-type":"","overlay-color":"","overlay-opacity":"","overlay-gradient":""},"mobile":{"background-color":"","background-image":"","background-repeat":"repeat","background-position":"center center","background-size":"auto","background-attachment":"scroll","background-type":"","background-media":"","overlay-type":"","overlay-color":"","overlay-opacity":"","overlay-gradient":""}},"ast-content-background-meta":{"desktop":{"background-color":"var(--ast-global-color-5)","background-image":"","background-repeat":"repeat","background-position":"center center","background-size":"auto","background-attachment":"scroll","background-type":"","background-media":"","overlay-type":"","overlay-color":"","overlay-opacity":"","overlay-gradient":""},"tablet":{"background-color":"var(--ast-global-color-5)","background-image":"","background-repeat":"repeat","background-position":"center center","background-size":"auto","background-attachment":"scroll","background-type":"","background-media":"","overlay-type":"","overlay-color":"","overlay-opacity":"","overlay-gradient":""},"mobile":{"background-color":"var(--ast-global-color-5)","background-image":"","background-repeat":"repeat","background-position":"center center","background-size":"auto","background-attachment":"scroll","background-type":"","background-media":"","overlay-type":"","overlay-color":"","overlay-opacity":"","overlay-gradient":""}},"_themeisle_gutenberg_block_has_review":false,"footnotes":""},"class_list":["post-1245","page","type-page","status-publish","hentry"],"uagb_featured_image_src":{"full":false,"thumbnail":false,"medium":false,"medium_large":false,"large":false,"1536x1536":false,"2048x2048":false},"uagb_author_info":{"display_name":"Erol","author_link":"https:\/\/antikhallen567.com\/author\/erol"},"uagb_comment_info":0,"uagb_excerpt":"Entdecken Sie unsere einzigartigen Antiquit\u00e4ten noch heute!","_links":{"self":[{"href":"https:\/\/antikhallen567.com\/index.php?rest_route=\/wp\/v2\/pages\/1245","targetHints":{"allow":["GET"]}}],"collection":[{"href":"https:\/\/antikhallen567.com\/index.php?rest_route=\/wp\/v2\/pages"}],"about":[{"href":"https:\/\/antikhallen567.com\/index.php?rest_route=\/wp\/v2\/types\/page"}],"author":[{"embeddable":true,"href":"https:\/\/antikhallen567.com\/index.php?rest_route=\/wp\/v2\/users\/1"}],"replies":[{"embeddable":true,"href":"https:\/\/antikhallen567.com\/index.php?rest_route=%2Fwp%2Fv2%2Fcomments&post=1245"}],"version-history":[{"count":11,"href":"https:\/\/antikhallen567.com\/index.php?rest_route=\/wp\/v2\/pages\/1245\/revisions"}],"predecessor-version":[{"id":1443,"href":"https:\/\/antikhallen567.com\/index.php?rest_route=\/wp\/v2\/pages\/1245\/revisions\/1443"}],"wp:attachment":[{"href":"https:\/\/antikhallen567.com\/index.php?rest_route=%2Fwp%2Fv2%2Fmedia&parent=1245"}],"curies":[{"name":"wp","href":"https:\/\/api.w.org\/{rel}","templated":true}]}}